t is w(p)?
-4
Let j = 2 - -18. Suppose 5*k = -5*g - j, 5*k + 4*g = -0 - 17. Let q(l) = -8*l**2. What is q(k)?
-8
Let j = -32 + 26. Let r(x) = x**2. Let f(l) = -2*l**2 + 6*l - 5. Let s(h) = -f(h) - 3*r(h). Give s(j).
5
Let c(j) be the third derivative of j**4/8 + 4*j**2. Let b(d) = 2*d. Let x(t) = -8*b(t) + 5*c(t). Calculate x(-3).
3
Let h be ((-10)/3)/(2/(-6)). Let n(i) = 2*i**2 - 3*i - i**2 + 2 - h + 3. Give n(5).
5
Let x(n) = -n**3 - 20*n**2 - 4*n + 0 - 8 + 14*n**2. What is x(-6)?
16
Let m(o) = -o**2 - 8*o - 6. Suppose 0 = a + a - 18. Let f = 3 - a. Calculate m(f).
6
Let x(g) = g**2 + 9*g + 12. Let y be x(-8). Let d(v) = -v + y - v**2 + 2 - 6. Suppose n - 8 = a - 4*a, 4*n - 5 = -3*a. Give d(n).
0
Let w(h) = h**3 - 4*h**2 + h + 2. Let t = -6 - -10. What is w(t)?
6
Suppose 4*p + 2*o + 2*o + 4 = 0, -9 = 4*p + 5*o. Let y = 3 - p. Let k(f) = -1 - 2*f + 4*f**2 + f**2 - 4*f**2. Calculate k(y).
2
Suppose -k + 3*g = 2 - 11, -5*g + 27 = 3*k. Suppose -2*n = k + 3. Let h(q) = q + 9. Determine h(n).
3
Let n(x) = 3 + 5*x**2 - 11*x**2 + 8*x**2 + 0*x**2 - 2*x. What is n(-3)?
27
Let v(q) be the first derivative of -9*q + 3 + 1/2*q**2. Calculate v(4).
-5
Let z(b) = 8 - b + 4 - 4 - 2*b. Calculate z(6).
-10
Let x(s) = -s**2 - 1. Suppose 5*d + 0*d = 5. What is x(d)?
-2
Let i(o) = 4*o**2 - 7*o + 4. Let b(r) = -2*r**2 + 4*r - 2. Let u(m) = 5*b(m) + 3*i(m). What is u(2)?
8
Let w(d) = -d**3 + d - 1. Let z(x) = -5*x**3 - 2*x + 3. Let t(c) = -2*w(c) - z(c). Determine t(1).
6
Suppose 0 = -8*p - 4 - 28. Let m(o) = o**3 + 5*o**2 + 5*o + 3. Determine m(p).
-1
Let m(c) = 8*c - 1. Let s(o) = 9*o - 1. Let h(k) = 5*m(k) - 4*s(k). Give h(-1).
-5
Let r(q) = -6*q**3 + q**2 - 1. Let l(x) = x - 5. Let m(z) = 2*z - 9. Let k(v) = -9*l(v) + 4*m(v). Let b be k(8). Let s be 6/5 - b/5. Give r(s).
-6
Let r(q) = -q. Let t(u) = 2*u**3 - 3 - 4*u - 3*u**3 + 4 + 5*u**2. Let s be t(4). Determine r(s).
-1
Let m be (160/6)/(-5) + 2/6. Let q(w) = w**2 + 5*w + 2. Calculate q(m).
2
Let f(r) = -2*r**3 + 3*r**2 + 3*r + 3. Let y be (((-30)/(-5))/1)/2. Calculate f(y).
-15
Let y(x) = x**2 + 2. Let q be y(0). Suppose -5*i = q*v + 27, 3 = v + 3*i - 6*i. Let o(l) = l**2 + 6*l + 6. Give o(v).
6
Suppose 2*j = 3*j - t - 11, 0 = j - 2*t - 16. Let o(m) = -m**2 + 9*m - 9. Calculate o(j).
9
Let z(y) = 2*y. Let s = 2 - -4. Let t be (-2)/(-4)*1*-4. Let b be t - (-2 - 3) - s. What is z(b)?
-6
Let l(s) = -4*s + 1. Let o(v) = -v. Let g(x) = l(x) - 2*o(x). Suppose 6*k - 3*k = 6. Determine g(k).
-3
Let i(z) = z + 4. Let x = -7 + 1. What is i(x)?
-2
Let o(j) be the second derivative of -j**4/12 - j**3 - 3*j**2 + 9*j. Give o(-6).
-6
Let l(y) = -y**2 - 7*y + 2. Let i = -14 - -9. Give l(i).
12
Let c(n) be the first derivative of -n**2/2 - n - 1. Let s(t) = -3*t**2 + 2 + 8*t - 15*t + t**3 - 4. Let h(m) = -2*c(m) + s(m). What is h(4)?
-4
Let x(u) be the first derivative of -1/6*u**3 - 3/2*u**2 - 1 - 1/24*u**4 + 0*u. Let v(d) be the second derivative of x(d). Calculate v(4).
-5
Let m(r) = -r**3 - 6*r**2 - 5*r + 5. Let s = -16 + 11. Calculate m(s).
5
Let y(s) = s - 8. Suppose -c - 8 = c + 4*p, -16 = 4*p. What is y(c)?
-4
Let s(h) = -h**2 - 5*h - 4. Let z be 3 - ((-2)/(-2) - 7). Suppose 0 = 5*m, -2*m + 0 - z = 3*l. Determine s(l).
2
Let h(z) = 2*z**2 - z + 1. Let j(q) = -13*q**2 - 2*q + 4. Let p(n) = -3*h(n) + j(n). Determine p(-1).
-19
Let p(o) be the first derivative of o**2/2 - 4*o + 14. Determine p(-4).
-8
Let r(z) = z**2 + z. Let j(l) = -9 + 8*l + 9 + 8*l**2. Let y(h) = -2*j(h) + 14*r(h). Let v be 4/(-3)*6/(-4). What is y(v)?
-12
Let x(z) = z**2 + 2*z - 4. Let q be (-1 + 2)*(1 - 1). Let t be -8 - (-3)/(-3 + q). Let d(p) = -4*p**2 - 9*p + 16. Let k(m) = t*x(m) - 2*d(m). Determine k(0).
4
Suppose -4*x = -x - 3*r - 3, -4*x = -2*r + 6. Let i(o) = -o**2 - 1. Let h(y) = 3*y**2 - 3*y + 8. Let w(s) = x*i(s) - h(s). Let m = 8 - 13. Give w(m).
6
Let i(x) = -1349*x - 4 + 5 + 1351*x - 3*x**3. Let b be (1/(-3))/(2/6). Let o(k) = 2*k + 1. Let l be o(b). Calculate i(l).
2
Let i(t) = 30*t + 245 + 254 - 498. What is i(-1)?
-29
Let b(s) = -s**3 + 7*s**2 - 5*s - 7. Suppose 0 = -4*r - 8 + 32. Determine b(r).
-1
Let n(r) be the second derivative of -r**5/20 - 5*r**4/12 + 5*r**3/6 - 3*r**2 - 11*r. What is n(-6)?
0
Let m(c) = -c**3 - 3*c**2 - 2*c + 4. Let f = 67 - 70. Give m(f).
10
Let k(f) = 2*f**3 + 2 + 3 - 5*f**2 + 0 - 3*f**3 + 7*f. Suppose -2*u + 2*d = 4, 2*u - 7*d = -3*d + 4. Calculate k(u).
-1
Let x(h) = -h - 2. Let w(z) = z**3 - 3*z**2 - 3*z - 5. Let t be w(4). Let c be -6*3/(-6)*t. Determine x(c).
1
Let m(q) be the second derivative of q**3/6 - q. Suppose -4 = 5*z - 29. Let p = z + -6. What is m(p)?
-1
Let l(z) = -z**2 + 1. Suppose -14 = -4*h - 6. Suppose -4*w + h - 18 = 0. Let u = w - -1. Give l(u).
-8
Let p(k) = -k + 11. Suppose 0 = -4*d - 4*n + 28, 0 = 2*n - 4*n - 8. Calculate p(d).
0
Let z(x) = -x**2 - 5*x - 4. Suppose 0 = 3*o + 2*n - 6*n + 20, -4*n = 2*o. What is z(o)?
0
Let p be (1/(-4))/(3/(-1)). Let a(f) be the second derivative of -p*f**4 - 1/4*f**5 + 1/2*f**2 + 0 + 2*f + 0*f**3. Calculate a(-1).
5
Let j = -8 - -6. Let g(a) = -a**3 - 5*a**2 - a - 1. What is g(j)?
-11
Let m(j) = -5*j**3 - 8*j**2 - 8*j + 1. Let k(l) = l**3 + l**2 + l. Let i(f) = 6*k(f) + m(f). Calculate i(2).
-3
Let s(j) = 20*j - 10. Let q(p) be the third derivative of -7*p**4/24 + p**3/2 + 6*p**2. Let z(n) = -10*q(n) - 3*s(n). Let g be -1 + -1*(-1 - 1). Calculate z(g).
10
Let w = 10 - 13. Let p(f) = f**2 + 2*f - 4. Let g be p(w). Let x(a) be the first derivative of a**4 - a**3/3 - a**2/2 - a + 1. What is x(g)?
-5
Suppose 3*y - 8 = -x - 3, 4*y = 12. Let u(i) = i - 3. Let k(b) = -5*b + 11. Let j(f) = 2*k(f) + 9*u(f). What is j(x)?
-1
Let a(c) = -3*c - 2. Let d be a(-1). Let q(x) = 6*x**3 - 3*x**3 - 1 + 2*x**3 + x**2. Let z be q(d). Let f(k) = k**2 - 5*k + 4. What is f(z)?
4
Let i(v) be the third derivative of v**2 + 0*v + 1/6*v**3 + 0 - 1/24*v**4. Let c(b) = -3*b**3 - 2*b**2 + 5*b - 3. Let m be c(1). Give i(m).
4
Let z(p) = 2*p**3 - 3*p**2. Let y be z(2). Suppose -y*v + 4 + 12 = 0. Let t(j) = j**2 - 3*j - 2. Give t(v).
2
Let y(p) be the third derivative of -1/20*p**5 + 3*p**2 + 0*p - 1/6*p**3 + 0 - 1/12*p**4. Let f be 2/(-5) + (-6)/10. Give y(f).
-2
Let b = 6 - 8. Let p(g) = g - 2. Let h(c) = -2*c + 5. Let x(t) = b*h(t) - 5*p(t). Let u(w) = -w**2 + 3*w + 1. Let r be u(3). Determine x(r).
-1
Suppose 3*i - i + 4 = b, -b = -i - 4. Let v(m) = -3 - 2*m + m**2 - 2 + 0. What is v(b)?
3
Let v be 102/27 + (-6)/(-27). Let k(t) = -t - 1. Let w(u) = -3. Let f(l) = k(l) - w(l). Let c be f(v). Let m(h) = -h**3 - 3*h**2 - h + 2. Give m(c).
0
Let g be 2*-4*18/(-18). Let c(m) = -m**2 + 6*m + 11. Let t be c(g). Let j(b) = 2*b + 7. Give j(t).
-3
Let p(x) = -x + 8. Suppose -5*y + 61 + 179 = 0. Suppose 0 = -4*d - 20 + y. Calculate p(d).
1
Let q(t) = -t - 4. Let j be q(-5). Let a(c) = -c + 1. Let u(i) = -1. Let b(y) = j*a(y) + 5*u(y). Let f = 1 + 3. Calculate b(f).
-8
Let w(p) = -p - 1. Let t(g) = 10*g + 1. Let f(d) = -t(d) - 4*w(d). Let q(h) = -h - 4. Let o be q(-6). Calculate f(o).
-9
Let f(k) be the third derivative of -k**4/8 - k**3/6 - 4*k**2. Let h(d) = 7*d + 1. Suppose 3*q = 1 + 11. Let g(r) = q*h(r) + 10*f(r). What is g(-5)?
4
Let n(c) = -29*c**2 + 4 + 15*c**2 + 13*c**2. Suppose 2*a - 2*p + 10 = 0, 0*a - a + 2*p - 7 = 0. What is n(a)?
-5
Let r(k) = -k**2 + k**2 + k**3 + k. Suppose 0 = w - 6*w. Determine r(w).
0
Let o = 4 + -8. Let m(h) = -6 - h + 2*h + 3 - 2*h. Determine m(o).
1
Let j be (-3 + 1)/(15/(-15)). Let q(w) be the third derivative of -1/3*w**3 - w**2 + 0*w + 1/8*w**4 + 0. Calculate q(j).
4
Let c(b) = 9*b**2 - b - 5. Let a(z) = -26*z**2 + 3*z + 14. Let q(s) = -4*a(s) - 11*c(s). Let m(p) = p**2 - 5*p - 1. Let h be m(5). Determine q(h).
5
Suppose 0 = 5*j - j + 2*q - 38, 0 = 5*q + 15. Suppose 0 = -2*m - j + 1. Let t(h) = h**2 + 6*h + 7. Determine t(m).
2
Let k = -10 + 14. Let w(m) = -m**3 + 3*m**2 + 2*m + 3. What is w(k)?
-5
Let f(w) = -3*w**2. Let d be f(-1). Suppose -4*a + 6*a - 8 = -3*m, 2*a + 4 = 3*m. Let q(r) = -r - 4 - m + 2. Calculate q(d).
-1
Let m(r) = -6*r**3 + 6*r**2 - 5*r + 16. Let q(c) = 7*c**3 - 7*c**2 + 6*c - 15. Let v(o) = -6*m(o) - 5*q(o). Determine v(0).
-21
Let q(j) = -j**2 - j + 1. Let k(g) = 5*g**2 + 4*g - 7. Let w(n) = k(n) + 6*q(n). Give w(2).
-9